the prime factors of 426473489?
13, 3181, 10313
What are the prime factors of 1314607379?
59, 22281481
What are the prime factors of 102597675?
3, 5, 149, 9181
List the prime factors of 3160476736.
2, 23, 1229, 1747
List the prime factors of 6517001.
17, 109, 3517
List the prime factors of 199095601.
73, 103, 26479
What are the prime factors of 1445121451?
31, 46616821
What are the prime factors of 424408659?
3, 61, 97, 23909
What are the prime factors of 154034408?
2, 11, 1750391
What are the prime factors of 60699738?
2, 3, 11, 919693
List the prime factors of 68828203.
19, 3622537
List the prime factors of 1120392632.
2, 331, 423109
What are the prime factors of 76556191?
4483, 17077
List the prime factors of 91084296.
2, 3, 149, 25471
What are the prime factors of 14281852?
2, 13, 37, 571
List the prime factors of 660386273.
31, 21302783
List the prime factors of 74550382.
2, 41, 909151
What are the prime factors of 349401782?
2, 17, 373, 27551
List the prime factors of 1600464899.
11, 283, 514123
List the prime factors of 23541650.
2, 5, 11, 23, 1861
What are the prime factors of 54672486?
2, 3, 11, 828371
What are the prime factors of 165176074?
2, 7, 11798291
List the prime factors of 95825005.
5, 17, 37, 30469
List the prime factors of 210886332.
2, 3, 17573861
What are the prime factors of 24983504?
2, 7, 13, 17159
What are the prime factors of 3191849?
3191849
What are the prime factors of 136197607?
7, 13, 16447
What are the prime factors of 187559499?
3, 83, 251, 3001
What are the prime factors of 96272486?
2, 53, 739, 1229
What are the prime factors of 62905215?
3, 5, 811, 5171
What are the prime factors of 589998643?
13, 59, 277, 2777
What are the prime factors of 1628792842?
2, 61, 2857, 4673
List the prime factors of 2652903.
3, 11, 127, 211
What are the prime factors of 340959619?
7, 11, 13, 340619
List the prime factors of 88921465.
5, 71, 463, 541
What are the prime factors of 508385264?
2, 163, 194933
List the prime factors of 24906628.
2, 431, 14447
List the prime factors of 2686753165.
5, 23, 41, 569831
What are the prime factors of 31116325?
5, 359, 3467
List the prime factors of 661942772.
2, 157, 1054049
List the prime factors of 2414042333.
2414042333
What are the prime factors of 551831349?
3, 1319, 139457
What are the prime factors of 6314121?
3, 11, 23, 47, 59
List the prime factors of 7236855242.
2, 19, 190443559
List the prime factors of 371126849.
371126849
List the prime factors of 1073495179.
419, 619, 4139
What are the prime factors of 187924202?
2, 251, 374351
What are the prime factors of 3412864?
2, 7, 13, 293
What are the prime factors of 298905982?
2, 149452991
What are the prime factors of 70447308?
2, 3, 419, 14011
List the prime factors of 307300784.
2, 7, 53, 51769
What are the prime factors of 2668516754?
2, 97, 157, 87613
List the prime factors of 51232224.
2, 3, 23, 23203
What are the prime factors of 1175738832?
2, 3, 1217, 6709
List the prime factors of 197962710.
2, 3, 5, 11, 19, 31573
List the prime factors of 548025022.
2, 17, 877, 18379
What are the prime factors of 67028074?
2, 103, 325379
What are the prime factors of 298950480?
2, 3, 5, 138403
What are the prime factors of 334112299?
334112299
List the prime factors of 96340771.
271, 355501
What are the prime factors of 43818407?
31, 199, 7103
List the prime factors of 1139288442.
2, 3, 189881407
What are the prime factors of 21832637?
151, 191, 757
What are the prime factors of 3324789222?
2, 3, 554131537
What are the prime factors of 151986878?
2, 3943, 19273
What are the prime factors of 1993382?
2, 857, 1163
List the prime factors of 3572405564.
2, 7, 13, 431, 3253
What are the prime factors of 490093899?
3, 163364633
List the prime factors of 358960031.
433, 719, 1153
What are the prime factors of 1280059384?
2, 160007423
List the prime factors of 64027861.
239, 267899
What are the prime factors of 2769603128?
2, 15233, 22727
List the prime factors of 80159573.
13, 17, 27901
List the prime factors of 417510296.
2, 7, 7455541
What are the prime factors of 497567510?
2, 5, 11, 23, 193, 1019
List the prime factors of 226494181.
8609, 26309
List the prime factors of 450241647.
3, 757, 198257
List the prime factors of 1250227685.
5, 7, 17, 2101223
What are the prime factors of 33800330?
2, 5, 3380033
What are the prime factors of 193517501?
43, 4500407
List the prime factors of 508682086.
2, 11, 23121913
List the prime factors of 88001524.
2, 13, 1692337
What are the prime factors of 1096857338?
2, 41, 13376309
List the prime factors of 2193717757.
7, 11, 17, 1675873
What are the prime factors of 49427870?
2, 5, 617, 8011
What are the prime factors of 186918630?
2, 3, 5, 29, 214849
List the prime factors of 71872191.
3, 887311
What are the prime factors of 785141160?
2, 3, 5, 6542843
List the prime factors of 2310268739.
2310268739
List the prime factors of 933689481.
3, 29, 257, 41759
List the prime factors of 28911507.
3, 107, 90067
What are the prime factors of 1030267133?
7, 17, 307, 28201
What are the prime factors of 66792310?
2, 5, 13, 101, 5087
List the prime factors of 100570729.
7, 1249, 11503
What are the prime factors of 6584362067?
1093, 6024119
List the prime factors of 9821852.
2, 17, 144439
List the prime factors of 28156274.
2, 29, 347, 1399
List the prime factors of 106936780.
2, 5, 101, 167, 317
List the prime factors of 5928408.
2, 3, 82339
List the prime factors of 42396431.
7, 11, 137, 4019
What are the prime factors of 208695839?
11, 47, 36697
What are the prime factors of 24185424?
2, 3, 17, 107, 277
What are the prime factors of 929004227?
5851, 158777
What are the prime factors of 64028156?
2, 16007039
What are the prime factors of 229437253?
17, 59, 228751
List the prime factors of 75423836.
2, 1031, 18289
What are the prime factors of 20801481?
3, 6933827
What are the prime factors of 7368955397?
421, 17503457
What are the prime factors of 1623438567?
3, 61, 359, 8237
List the prime factors of 589877810.
2, 5, 53, 1112977
List the prime factors of 100135331.
59, 97, 17497
What are the prime factors of 507601851?
3, 137, 1235041
What are the prime factors of 475037872?
2, 29689867
List the prime factors of 2904169751.
7, 83, 4998571
List the prime factors of 2752647306.
2, 3, 19, 167, 191, 757
What are the prime factors of 64638234?
2, 3, 23, 156131
What are the prime factors of 30341251?
30341251
What are the prime factors of 16167910?
2, 5, 11, 103, 1427
What are the prime factors of 137148761?
5333, 25717
What are the prime factors of 113948343?
3, 31, 136139
What are the prime factors of 3420644088?
2, 3, 23, 6196819
List the prime factors of 925142819.
41, 22564459
List the prime factors of 1083519002.
2, 541759501
List the prime factors of 56238204.
2, 3, 11, 79, 5393
List the prime factors of 61861571.
1847, 33493
What are the prime factors of 949878107?
949878107
What are the prime factors of 1136787678?
2, 3, 13, 4858067
What are the prime factors of 122034370?
2, 5, 12203437
What are the prime factors of 6036431?
409, 14759
List the prime factors of 50284309.
2161, 23269
List the prime factors of 30941765.
5, 2281, 2713
What are the prime factors of 5575097272?
2, 113, 167, 36929
List the prime factors of 19905106.
2, 13, 765581
List the prime factors of 238969014.
2, 3, 37, 839, 1283
What are the prime factors of 17837830?
2, 5, 1783783
What are the prime factors of 408232858?
2, 11, 18556039
List the prime factors of 1450959896.
2, 181369987
What are the prime factors of 467037179?
7, 337, 28283
List the prime factors of 5472015164.
2, 7, 11, 607, 29269
What are the prime factors of 173524659?
3, 7, 11, 751189
List the prime factors of 90492829.
7, 61, 211927
List the prime factors of 23492320.
2, 5, 29, 61, 83
What are the prime factors of 241968469?
1259, 192191
List the prime factors of 77427336.
2, 3, 7, 31, 14867
List the prime factors of 6297274462.
2, 19, 367, 451547
What are the prime factors of 87251004?
2, 3, 17, 142567
What are the prime factors of 7236457082?
2, 17, 499, 426527
List the prime factors of 249642902.
2, 124821451
List the prime factors of 35952685.
5, 7190537
What are the prime factors of 44744696?
2, 19, 431, 683
What are the prime factors of 260791102?
2, 11, 13, 853,